 what is 479 + 3?
47c
In base 16, what is -975 - -9?
-96c
In base 15, what is -3e9 - 5?
-3ee
In base 3, what is 102200 + 1?
102201
In base 16, what is 3 + 8?
b
In base 13, what is -4aa - 8?
-4b5
In base 7, what is -6 - -1632?
1623
In base 6, what is -20 + 152?
132
In base 6, what is 132 - -233?
405
In base 11, what is 322a - 0?
322a
In base 7, what is 45 - 56?
-11
In base 3, what is -210 + 12?
-121
In base 15, what is 2 + -28?
-26
In base 9, what is 176 + -5?
171
In base 14, what is -1 + 45c?
45b
In base 2, what is -100100 + -1001110?
-1110010
In base 16, what is 3e0 - -15?
3f5
In base 4, what is -10 + 31010?
31000
In base 15, what is -3 - -1e?
1b
In base 8, what is 551 - -1?
552
In base 15, what is -1a + 65?
4a
In base 13, what is 4 - -a?
11
In base 8, what is -14 - 133?
-147
In base 4, what is 23 + -20000?
-13311
In base 8, what is 5 - -167?
174
In base 3, what is -112 + 1201?
1012
In base 7, what is 2342 - 3?
2336
In base 2, what is 1110 - 101?
1001
In base 12, what is -737 - 1?
-738
In base 13, what is 3 + 5c?
62
In base 3, what is 10111 - -2002?
12120
In base 5, what is 1 - 20422?
-20421
In base 16, what is 60 + -1?
5f
In base 13, what is -427 - -9?
-41b
In base 9, what is 7 + 28?
36
In base 13, what is 1 - 2c9?
-2c8
In base 5, what is 123 - 2103?
-1430
In base 10, what is -42 - 22?
-64
In base 12, what is -4 - 46?
-4a
In base 7, what is 421 + -13?
405
In base 10, what is 63 + -5?
58
In base 6, what is -3 - -4244?
4241
In base 13, what is 113 - -5?
118
In base 12, what is -a + 38?
2a
In base 14, what is -a + 35?
29
In base 5, what is 1 + -1003?
-1002
In base 10, what is -1 - -27?
26
In base 13, what is 6 - 1020?
-1017
In base 12, what is -655 + -2?
-657
In base 6, what is 3 - -224?
231
In base 10, what is 341 + 26?
367
In base 15, what is -4 - -d?
9
In base 2, what is -1011011 + -100001?
-1111100
In base 4, what is -3 - -32122?
32113
In base 2, what is 1001 + -10001?
-1000
In base 9, what is -4 + 3237?
3233
In base 10, what is -10235 + 1?
-10234
In base 4, what is -1203012 - -1?
-1203011
In base 5, what is 233 + 1?
234
In base 12, what is -35 - -8?
-29
In base 3, what is 11221 - -2?
12000
In base 10, what is -212 + -3?
-215
In base 12, what is 4 + -42?
-3a
In base 11, what is 12 + 35?
47
In base 7, what is -4 + 4510?
4503
In base 7, what is -5 + 56?
51
In base 6, what is -1131 - -1?
-1130
In base 13, what is -105 - -9?
-c9
In base 7, what is 22 - -334?
356
In base 12, what is 294 - -16?
2aa
In base 2, what is -101001110 - 101?
-101010011
In base 3, what is 10 + -11112?
-11102
In base 12, what is -3 - -33?
30
In base 2, what is -100100 + 100100?
0
In base 9, what is -158 - 5?
-164
In base 16, what is -a - -3?
-7
In base 7, what is 13024 + 3?
13030
In base 16, what is 565 - 0?
565
In base 13, what is 12 + 7b?
90
In base 13, what is 1c1 + -1?
1c0
In base 3, what is 2111 - -20?
2201
In base 8, what is -441 - 1?
-442
In base 11, what is -5 + 1655?
1650
In base 10, what is -65 - 5?
-70
In base 7, what is 232 - 21?
211
In base 12, what is -8 + -1011?
-1019
In base 9, what is -3 + 26?
23
In base 8, what is -41 + 4?
-35
In base 12, what is 2 + -39?
-37
In base 12, what is -6 + 90?
86
In base 14, what is 0 - -243?
243
In base 8, what is 222 - -35?
257
In base 3, what is 12 - -112100?
112112
In base 11, what is 35 + 38?
72
In base 11, what is -6 - 1a26?
-1a31
In base 3, what is -2 + 221002?
221000
In base 9, what is 50 - -144?
204
In base 13, what is -3 - 11c?
-122
In base 12, what is 731 + 1?
732
In base 6, what is 52 + 30?
122
In base 7, what is 1 - -441?
442
In base 16, what is -463 + 1?
-462
In base 3, what is 10 + 101222?
102002
In base 7, what is -40 + 255?
215
In base 2, what is 1 + -1100010000?
-1100001111
In base 7, what is 33 - 5?
25
In base 8, what is 2134 - -1?
2135
In base 7, what is 10 - 1666?
-1656
In base 2, what is -10 + -1000000?
-1000010
In base 13, what is -8 + -139?
-144
In base 11, what is 125 + 27?
151
In base 12, what is -3 - 108?
-10b
In base 16, what is 31e8 - -1?
31e9
In base 15, what is d - 10?
-2
In base 9, what is -1 + 2442?
2441
In base 9, what is 1573 - 1?
1572
In base 2, what is 101 - -11011000?
11011101
In base 16, what is -4 - 709?
-70d
In base 15, what is 4 + -24?
-20
In base 7, what is 26 + 114?
143
In base 8, what is -7 + -7?
-16
In base 11, what is -112a - -26?
-1104
In base 4, what is -100 + 1012?
312
In base 11, what is 411 - 15?
3a7
In base 3, what is 2 - -2101?
2110
In base 8, what is 5 + 436?
443
In base 11, what is 2 - 4871?
-486a
In base 8, what is -22 - 4?
-26
In base 8, what is 0 + -4407?
-4407
In base 6, what is 40022 + 0?
40022
In base 12, what is -3 + -443?
-446
In base 12, what is -18 + 4b?
33
In base 10, what is 5 + 50?
55
In base 9, what is -6 + 112?
105
In base 16, what is -17 + 21?
a
In base 16, what is 1 + 4ed?
4ee
In base 15, what is -16 + -18?
-2e
In base 15, what is -4 - -18?
14
In base 14, what is 1d + a?
29
In base 8, what is -1160 - 3?
-1163
In base 3, what is 1 - -201120?
201121
In base 7, what is 260 - -4?
264
In base 8, what is 2 - 2015?
-2013
In base 2, what is 100 - 101101001?
-101100101
In base 3, what is 10210 + 12?
10222
In base 14, what is 21c - 5?
217
In base 2, what is 110 - 1000111000?
-1000110010
In base 2, what is -1100 + 1000100111?
1000011011
In base 7, what is -4 + -2511?
-2515
In base 15, what is 95 + -3?
92
In base 4, what is 11212 - 303?
10303
In base 9, what is 3 - -128?
132
In base 4, what is -3 - -212222?
212213
In base 11, what is 1 + -235a?
-2359
In base 12, what is 520 - 2?
51a
In base 2, what is 11 - -1111110?
10000001
In base 15, what is 18 - 6?
12
In base 6, what is 3 - -531?
534
In base 3, what is 12 - 1120?
-1101
In base 3, what is 2 + 2100?
2102
In base 6, what is 2 + 31?
33
In base 4, what is 11 + 21100?
21111
In base 13, what is 7 - 21?
-17
In base 9, what is -2 - -60?
57
In base 8, what is 7123 + 3?
7126
In base 13, what is 7 - 14?
-a
In base 7, what is 12 - -26?
41
In base 12, what is 3 + -179?
-176
In base 16, what is -3513 - 2?
-3515
In base 14, what is -28 + c0?
96
In base 7, what is 5165 + -4?
5161
In base 6, what is 201 - 10?
151
In base 14, what is a5 - -9?
b0
In base 7, what is 46 + 5?
54
In base 16, what is 0 + b28?
b28
In base 13, what is -5 - -2561?
2559
In base 6, what is -3 - 11133?
-11140
In base 12, what is 5 + 28?
31
In base 4, what is -31 + 2231?
2200
In base 15, what is 346c + -5?
3467
In base 13, what is -1 - 84?
-85
In base 10, what is -2 + -66?
-68
In base 9, what is -127 - 5?
-133
In base 4, what is -1000303 - 20?
-1000323
In base 7, what is -43 - 4?
-50
In base 5, what is 4121 + -3?
4113
In base 15, what is 2c + -2?
2a
In base 12, what is -652 + -2?
-654
In base 16, what is -3f + e?
-31
In base 6, what is -5 - 50?
-55
In base 7, what is -4 - -316?
312
In base 15, what is -9b + -16?
-b2
In base 13, what is -5 - -8?
3
In base 16, what is 1a6a + 2?
1a6c
In base 12, what is 1182 - 4?
117a
In base 9, what is -3665 + 1?
-3664
In base 6, what is 1122 - -1?
1123
In base 10, what is 411 - -2?
413
In base 8, what is 545 - -41?
606
In base 3, what is 101002 - 222?
100010
In base 14, what is -3 + -1254?
-1257
In base 9, what is 6 - -5816?
5823
In base 2, what is 1 - 11110100?
-11110011
In base 6, what is 1214 + 0?
1214
In base 5, what is 302 - 10?
242
In base 12, what is 132 - -8?
13a
In base 11, what is -2 - 4156?
-4158
In base 14, what is 5 + -d?
-8
In base 8, what is -4 - -137?
133
In base 9, what is -54 + 4?
-50
In base 16, what is -f10 - 0?
-f10
In base 12, what is -b8 - -19?
-9b
In base 6, what is -535 + -1?
-540
In base 10, what is -3 - -1864?
1861
In base 13, what is -1b6 + 1?
-1b5
In base 11, what is -8 - 125?
-132
In base 6, what is -312 - 5?
-321
In base 12, what is -2439 - -3?
-2436
In base 3, what is -200 + -10?
-210
In base 6, what is 3 + -1104?
-1101
In base 9, what is -7 - 1242?
-1250
In base 7, what is 64 - -146?
243
In base 4, what is 21 - 121?
-100
In base 16, what is 0 - b2?
-b2
In base 13, what is -3a5 - 2?
-3a7
In base 9, what is -1021 + 11?
-1010
In base 14, what is -15 - 24d?
-264
In base 7, what is -1263 - 4?
-1300
In base 8, what is 4 + -1516?
-1512
In base 16, what is -2 + c7?
c5
In base 7, what is 2 - 534?
-532
In base 4, what is 1 + -3?
-2
In base 16, what is 1b - 18?
3
In base 7, what is -16 + -34?
-53
In ba